et u(i) be the first derivative of 2 - 1/4*i**4 - 2*i - i**2 - i**m. Calculate u(-2).
-2
Let t(d) be the second derivative of d**4/6 - d**3/3 + d**2/2 - 21*d. Calculate t(2).
5
Let t be -4 - -7 - 0/1. Let r(o) = -o + o**t + 3*o**2 - 1 + o**2 - 2*o**3. What is r(3)?
5
Suppose -4 + 6 = -2*p. Let r = 0 + 0. Let i(k) = -5 + 5*k + r*k + 4. Calculate i(p).
-6
Suppose h = -1 + 6. Let w(b) be the third derivative of -b**6/120 + b**5/12 - b**3/6 - b**2. Calculate w(h).
-1
Let b(a) = -a - 5. Let v be (5 + 1)*(9 - 10). Give b(v).
1
Let v be (1 - 0) + (-3 - -1). Let j(y) = 19 - 32 + 12 - 6*y. Give j(v).
5
Suppose -3*a - 4*k + 16 = 0, 3 + 1 = k. Suppose a*m = -5*m - 4*q - 25, 0 = -3*q. Let t(h) = -h**3 - 5*h**2 - h - 1. What is t(m)?
4
Let a be (-1)/(-3) - (-15)/9. Let d(k) = k**2 + k**2 - 3*k**2 + a*k**2. What is d(3)?
9
Let m(b) = -5*b + 5. Let y(z) = z - 3 + 7 - 4 - 1. Let v(t) = m(t) + 4*y(t). Determine v(4).
-3
Let n(z) = z**3 + 3*z**2 - z + 1. Let q be n(-3). Let w(t) = -t - t + 2 + t + q. What is w(5)?
1
Let i(t) = 8*t**3 - t**2 - t + 1. Let u = 22 - 9. Suppose -4*r + 2*r + 5*z = u, -3*z = -4*r - 5. Give i(r).
7
Let v(a) = 2*a + 4. Let d be (-5)/(-1 - (-2 + 0)). What is v(d)?
-6
Let p(b) = b**2 - 3*b - 6. Suppose -20 = -3*s - 5. Determine p(s).
4
Let n(f) = -f**2 + f. Suppose -l + 3 = -5. Let i be 46/(-8) + (-2)/l. Let v(c) = 7*c**2 - 4*c - 4. Let g(j) = i*n(j) - v(j). Calculate g(-4).
-4
Let r(q) be the second derivative of -q**8/6720 - q**7/360 - q**6/120 + q**5/24 - 5*q**4/12 - q. Let w(n) be the third derivative of r(n). What is w(-6)?
5
Let q(t) = -t**2 - t + 1. Let w(o) = -3*o**2 - 3*o + 3. Let y(x) = x**3 + 8*x**2 + 6*x + 10. Let m be y(-7). Let u(z) = m*q(z) - 6*w(z). Give u(0).
-1
Let a be 0/(-4*1/2). Let p(w) = a*w - 4 + 3 + 0 + w. Determine p(-5).
-6
Let d(y) = y**2 + 4*y. Suppose -5*t - 47 = -2*h - 13, 2*t = -5*h - 2. Give d(t).
12
Let p(l) = 2*l**2 + l**2 - 4*l + 11*l - 4*l**2. Let n be p(6). Let r(v) = 2*v - 2 + n - 7*v + v**2. Calculate r(3).
-2
Let o(x) be the second derivative of x**3/6 - x**2 - 2*x. Let g(a) = -a - 3. Let r be g(-5). Suppose -10 = 3*d + r*d. Give o(d).
-4
Let n(i) = 3*i - 2. Let t = -1 + 3. Let j be t/4 + 12/8. Give n(j).
4
Let v be -2*(33/2)/(-3). Let c(a) = -5*a - 11 + v. Determine c(-1).
5
Let w = 12 + -14. Let s(x) = 2*x**3 + x**2 - 2*x. Calculate s(w).
-8
Let r(s) be the third derivative of 0 + 1/30*s**5 - 1/3*s**3 - 3*s**2 - 1/120*s**6 + 1/12*s**4 + 0*s. Give r(3).
-5
Let h(d) = -5*d**2 + d - 4. Let w(g) = g**3 + g**2 + g - 1. Let u(a) = h(a) - w(a). Suppose 0 = 5*b - 3*b + 12. What is u(b)?
-3
Let j(n) = n + 4. Let q be ((-3)/(-1))/(-3 + 40/15). What is j(q)?
-5
Let i = -7 - -1. Let n = i + 1. Let x(g) = g**3 + 6*g**2 + 4*g + 6. Calculate x(n).
11
Let x(i) be the third derivative of 7/6*i**3 + 0 - 1/60*i**5 + 7*i**2 + 0*i**4 + 0*i. Give x(0).
7
Let q(g) = g**3 + 8*g**2 + 7*g - 2. Let n be q(-7). Let m(d) = -1 + 5 + 2*d - 5 + 4. What is m(n)?
-1
Let m(l) = -l. Let z(x) be the first derivative of -x**5/120 - x**4/24 - 2*x**3/3 - 4. Let i(b) be the third derivative of z(b). Let t be i(-1). Give m(t).
0
Let f(a) = -a**2 + a + 1. Let v(x) = 7*x + 2*x - 4*x + 4. Let q(y) = 4*f(y) - v(y). Give q(1).
-5
Let k = -16 - -19. Let v(r) = 6 + 5*r**k + 7*r - 6*r**3 + 1 + 7*r**2 + 2*r**3. Give v(-6).
1
Let u(c) = -c + 3. Let p be u(0). Let z(q) be the first derivative of q**3/3 - q**2 - 3*q - 7. Determine z(p).
0
Suppose -6*m = 5*c - 4*m - 12, -c + 2*m = 0. Let x(i) = 2*i**2 + i + 7 + 2*i - 3*i**c - 4*i. Calculate x(0).
7
Let f(k) = -k**2 + 13*k + 16. Let j be f(14). Let t(i) be the second derivative of j*i + 0 - 2*i**2 + 1/6*i**3. Calculate t(-3).
-7
Let c(j) be the first derivative of j**4/4 - j**3 - j**2 - j + 10. Let s(m) = -m + 10. Let l be s(7). Calculate c(l).
-7
Let r = 1 + 3. Let c(y) = r - 1 + y - 5. Let l be (-21)/84 - (-22)/(-8). What is c(l)?
-5
Suppose 0*r - 10 = 5*r. Let x = 2 + r. Let v(h) = 0*h + 4 + x*h + h. Give v(-5).
-1
Let u(y) = y**2 + 3*y**2 + 0*y - 5*y**2 + 8*y. Determine u(7).
7
Let h(n) be the second derivative of -n**3/6 - n**2/2 - n. Give h(-2).
1
Let q be 10/20*(5 + 1). Let f(l) be the second derivative of 0 + l + l**q - 1/2*l**2. What is f(1)?
5
Suppose -5*s + 20 = -y, 2*s = 3*s + 4*y + 17. Let p(z) = -4*z - 9. Let i(o) = -2*o - 5. Let a(g) = s*p(g) - 5*i(g). What is a(-2)?
2
Let y(w) = -w**3 + 11*w**2 - 10*w - 6. Let h = 7 - -3. Calculate y(h).
-6
Let f(t) = -t**2 - 2*t - 2. Let q(c) = c**2 - c. Let v be q(-1). Let i be (v/4)/(6/(-36)). What is f(i)?
-5
Suppose 3*c - 7 = 5. Let o(d) = 1. Let i(j) = -j**2 + 4*j + 6. Let x(k) = -i(k) + 6*o(k). What is x(c)?
0
Suppose 0 = 2*r - 4. Let t(a) = 6*a + 0*a**2 - 4*a**2 - 2 + 3*a**r. Give t(4).
6
Let s(y) be the first derivative of -3*y**2/2 - 7*y + 1. Suppose 15 = -9*m + 6*m. Calculate s(m).
8
Let s = -19 - -16. Let x(u) = 3*u + 2. Determine x(s).
-7
Let n(o) = -o**2 + o. Suppose -9*p - 2 = -11*p. Calculate n(p).
0
Let w(a) = a - 2. Suppose -22 = 5*t + 4*l + 5, 0 = -l - 3. Give w(t).
-5
Let x(b) be the first derivative of -b**2/2 + 4*b + 8. Let n be -7*(-1)/(-4)*4. Let l = n + 3. What is x(l)?
8
Let b(g) be the third derivative of g**4/8 + 7*g**3/6 + g**2. Let f be (-66)/14 + (-2)/7. Give b(f).
-8
Let m(w) be the second derivative of -w**3/6 + 4*w**2 + 31*w. Give m(6).
2
Let m(z) = -z**3 + 7*z**2 - 6*z + 3. Let q = -24 - -34. Let n = q + -4. What is m(n)?
3
Let f(p) = -p**3 - 4*p**2 - p - 3*p**2 - 13 - 4*p + 12. Determine f(-6).
-7
Let v be 1 - 2/16*4. Let j(s) be the second derivative of -s + 0 - v*s**2 + 3/2*s**3. Calculate j(-1).
-10
Let j be 1*((-10)/(-2) + -2). Let i(s) = -2*s**3 + 3*s**3 - 2 - 2 - 3*s**2 + 5*s. What is i(j)?
11
Suppose b + 92 = 5*b. Suppose -5*u - 5*i = -13 - 22, 2*u + 5*i = b. Let o(g) be the second derivative of -g**4/6 + 5*g**3/6 + 2*g**2 + g. Calculate o(u).
-8
Let f = -6 + 3. Let y be (-4)/6*-3 + f. Let s(b) = 6*b**2 + b + 1. Determine s(y).
6
Let j(y) = -5*y - 5. Let r(v) = v. Let k(c) = j(c) + 6*r(c). What is k(6)?
1
Let b(r) = 2*r + 3. Let w(x) = -x + 1. Let l(y) = -1. Let g(d) = 5*l(d) + 2*w(d). Suppose 6*z + 24 = 2*z. Let k(h) = z*g(h) - 7*b(h). Give k(3).
-9
Let v(x) be the third derivative of -x**6/120 + x**5/15 + 5*x**4/24 - x**3/6 - 8*x**2. What is v(5)?
-1
Suppose 3*u = -2*u + 10, -2*z + 5*u - 4 = 0. Suppose z*x - 18 = -3. Suppose 2*c - 6 = -2*r, -2*c + 10 + 17 = -x*r. Let p(v) = v. Determine p(c).
6
Let y(n) = -n + 7. Let v be (-6)/1*(-6)/6. What is y(v)?
1
Let r(m) = 9*m**2 - 2*m + 1. Let l be r(1). Suppose 7*h - 3*h - l = 0. Suppose -3*f = h - 14. Let i(s) = s**2 - 5*s - 2. Calculate i(f).
-6
Let i be -1*15/(0 - -3). Let m be 12/9*(i + 2). Let o(b) = b**3 + 5*b**2 + 2*b - 3. Determine o(m).
5
Let s = -13 - -14. Let k(c) be the first derivative of 7*c**3/6 + c**2/2 + 2*c + 1. Let p(w) be the first derivative of k(w). What is p(s)?
8
Let l = 27 + -32. Let j(g) = 2*g**2 + 7*g - 2. Determine j(l).
13
Let i = -2 + -5. Let k be 1 + i + 1 + 0. Let a(u) = u + 1. Give a(k).
-4
Let f(p) = -p - 1 + 0 + 2. Let a = -43 + 38. Calculate f(a).
6
Suppose -2*a - 3 = s, 0 = 4*a + 5 + 3. Let g = 0 - s. Let c(j) be the first derivative of 3*j**4/4 + 7. What is c(g)?
-3
Let q(b) be the first derivative of -b**3/6 + b**2/2 - 5*b - 10. Let v(c) be the first derivative of q(c). Give v(0).
1
Let y(z) = z**3 + 5*z**2 - z - 7. Let f(p) = 6*p - 17. Let r be f(2). What is y(r)?
-2
Let r(p) = -p**3 + p**2. Let y be r(0). Let k(v) be the first derivative of -v**2/2 - 3*v - 17. Give k(y).
-3
Let o(l) be the first derivative of -4*l - 1/3*l**3 + 3/2*l**2 + 10. Calculate o(4).
-8
Let l(v) be the first derivative of -v**2/2 - 6*v - 20. Calculate l(5).
-11
Let n(p) = 2 + 13*p**2 - 4*p - 12*p**2 + 2*p - 4*p. What is n(4)?
-6
Let u(t) = -3*t**2 - 17*t + 16. Let z(p) = -2*p**2 - 9*p + 8. Let d(w) = -3*u(w) + 5*z(w). Let n = 51 + -45. Determine d(n).
-8
Let h(l) = 7*l**3 - 2*l**2 + l - 3. Let x(z) = -z**2 + z - 1. Let o(c) = -h(c) + 2*x(c). Calculate o(-1).
7
Let f(j) = 2 - 2*j + 0 + 2 + 3*j. Calculate f(-2).
2
Let m be 0 + 2 + 8 + -7. Suppose m*w + 4*d = 7, 0 = -3*w - d + 1 + 12. Let f(a) = a**2 - 6*a + 3. What is f(w)?
-2
Let j(h) = -h - 1. Let g(n) be the second derivative of -7/2*n**2 + 0 - 4*n - n**3. Let v(a) = g(a) - 5*j(a). Give v(-4).
2
